{"id":23,"date":"2020-06-03T13:20:43","date_gmt":"2020-06-03T10:20:43","guid":{"rendered":"http:\/\/demo.safirtema.com\/rota\/?page_id=23"},"modified":"2021-12-25T14:22:22","modified_gmt":"2021-12-25T11:22:22","slug":"cozum-ortaklari","status":"publish","type":"page","link":"https:\/\/bossgroup-tr.com\/index.php\/cozum-ortaklari\/","title":{"rendered":"\u00c7\u00f6z\u00fcm Ortaklar\u0131"},"content":{"rendered":"\n<figure class=\"wp-block-gallery columns-3 wp-block-gallery-1 is-layout-flex wp-block-gallery-is-layout-flex\"><ul class=\"blocks-gallery-grid\"><li class=\"blocks-gallery-item\"><figure><img loading=\"lazy\" decoding=\"async\" width=\"900\" height=\"139\" src=\"https:\/\/bossgroup.best\/wp-content\/uploads\/2021\/10\/caterpillar.png\" alt=\"\" data-id=\"338\" data-full-url=\"https:\/\/bossgroup.best\/wp-content\/uploads\/2021\/10\/caterpillar.png\" data-link=\"https:\/\/bossgroup.best\/index.php\/cozum-ortaklari\/caterpillar\/\" class=\"wp-image-338\" srcset=\"https:\/\/bossgroup-tr.com\/wp-content\/uploads\/2021\/10\/caterpillar.png 900w, https:\/\/bossgroup-tr.com\/wp-content\/uploads\/2021\/10\/caterpillar-300x46.png 300w, https:\/\/bossgroup-tr.com\/wp-content\/uploads\/2021\/10\/caterpillar-768x119.png 768w\" sizes=\"auto, (max-width: 900px) 100vw, 900px\" \/><\/figure><\/li><li class=\"blocks-gallery-item\"><figure><img loading=\"lazy\" decoding=\"async\" width=\"428\" height=\"114\" src=\"https:\/\/bossgroup.best\/wp-content\/uploads\/2021\/10\/komatsu.png\" alt=\"\" data-id=\"343\" data-full-url=\"https:\/\/bossgroup.best\/wp-content\/uploads\/2021\/10\/komatsu.png\" data-link=\"https:\/\/bossgroup.best\/index.php\/cozum-ortaklari\/komatsu-2\/\" class=\"wp-image-343\" srcset=\"https:\/\/bossgroup-tr.com\/wp-content\/uploads\/2021\/10\/komatsu.png 428w, https:\/\/bossgroup-tr.com\/wp-content\/uploads\/2021\/10\/komatsu-300x80.png 300w\" sizes=\"auto, (max-width: 428px) 100vw, 428px\" \/><\/figure><\/li><li class=\"blocks-gallery-item\"><figure><img loading=\"lazy\" decoding=\"async\" width=\"500\" height=\"100\" src=\"https:\/\/bossgroup.best\/wp-content\/uploads\/2021\/10\/sumitomo.png\" alt=\"\" data-id=\"345\" data-full-url=\"https:\/\/bossgroup.best\/wp-content\/uploads\/2021\/10\/sumitomo.png\" data-link=\"https:\/\/bossgroup.best\/index.php\/cozum-ortaklari\/sumitomo\/\" class=\"wp-image-345\" srcset=\"https:\/\/bossgroup-tr.com\/wp-content\/uploads\/2021\/10\/sumitomo.png 500w, https:\/\/bossgroup-tr.com\/wp-content\/uploads\/2021\/10\/sumitomo-300x60.png 300w\" sizes=\"auto, (max-width: 500px) 100vw, 500px\" \/><\/figure><\/li><li class=\"blocks-gallery-item\"><figure><img loading=\"lazy\" decoding=\"async\" width=\"700\" height=\"300\" src=\"https:\/\/bossgroup.best\/wp-content\/uploads\/2021\/11\/volvo-22.fw_.png\" alt=\"\" data-id=\"437\" data-full-url=\"https:\/\/bossgroup.best\/wp-content\/uploads\/2021\/11\/volvo-22.fw_.png\" data-link=\"https:\/\/bossgroup.best\/volvo-22-fw\/\" class=\"wp-image-437\" srcset=\"https:\/\/bossgroup-tr.com\/wp-content\/uploads\/2021\/11\/volvo-22.fw_.png 700w, https:\/\/bossgroup-tr.com\/wp-content\/uploads\/2021\/11\/volvo-22.fw_-300x129.png 300w\" sizes=\"auto, (max-width: 700px) 100vw, 700px\" \/><\/figure><\/li><li class=\"blocks-gallery-item\"><figure><img loading=\"lazy\" decoding=\"async\" width=\"532\" height=\"261\" src=\"https:\/\/bossgroup.best\/wp-content\/uploads\/2021\/11\/mst_logo.fw_.png\" alt=\"\" data-id=\"430\" data-full-url=\"https:\/\/bossgroup.best\/wp-content\/uploads\/2021\/11\/mst_logo.fw_.png\" data-link=\"https:\/\/bossgroup.best\/mst_logo-fw\/\" class=\"wp-image-430\" srcset=\"https:\/\/bossgroup-tr.com\/wp-content\/uploads\/2021\/11\/mst_logo.fw_.png 532w, https:\/\/bossgroup-tr.com\/wp-content\/uploads\/2021\/11\/mst_logo.fw_-300x147.png 300w\" sizes=\"auto, (max-width: 532px) 100vw, 532px\" \/><\/figure><\/li><li class=\"blocks-gallery-item\"><figure><img loading=\"lazy\" decoding=\"async\" width=\"532\" height=\"261\" src=\"https:\/\/bossgroup.best\/wp-content\/uploads\/2021\/11\/hitachi2.fw_.png\" alt=\"\" data-id=\"429\" data-full-url=\"https:\/\/bossgroup.best\/wp-content\/uploads\/2021\/11\/hitachi2.fw_.png\" data-link=\"https:\/\/bossgroup.best\/hitachi2-fw\/\" class=\"wp-image-429\" srcset=\"https:\/\/bossgroup-tr.com\/wp-content\/uploads\/2021\/11\/hitachi2.fw_.png 532w, https:\/\/bossgroup-tr.com\/wp-content\/uploads\/2021\/11\/hitachi2.fw_-300x147.png 300w\" sizes=\"auto, (max-width: 532px) 100vw, 532px\" \/><\/figure><\/li><li class=\"blocks-gallery-item\"><figure><img loading=\"lazy\" decoding=\"async\" width=\"920\" height=\"372\" src=\"https:\/\/bossgroup.best\/wp-content\/uploads\/2021\/10\/liebherr.png\" alt=\"\" data-id=\"368\" data-full-url=\"https:\/\/bossgroup.best\/wp-content\/uploads\/2021\/10\/liebherr.png\" data-link=\"https:\/\/bossgroup.best\/index.php\/foto-galeri\/liebherr\/\" class=\"wp-image-368\" srcset=\"https:\/\/bossgroup-tr.com\/wp-content\/uploads\/2021\/10\/liebherr.png 920w, https:\/\/bossgroup-tr.com\/wp-content\/uploads\/2021\/10\/liebherr-300x121.png 300w, https:\/\/bossgroup-tr.com\/wp-content\/uploads\/2021\/10\/liebherr-768x311.png 768w\" sizes=\"auto, (max-width: 920px) 100vw, 920px\" \/><\/figure><\/li><li class=\"blocks-gallery-item\"><figure><img loading=\"lazy\" decoding=\"async\" width=\"1024\" height=\"523\" src=\"https:\/\/bossgroup.best\/wp-content\/uploads\/2021\/10\/doosan-1024x523.jpeg\" alt=\"\" data-id=\"339\" data-full-url=\"https:\/\/bossgroup.best\/wp-content\/uploads\/2021\/10\/doosan-scaled.jpeg\" data-link=\"https:\/\/bossgroup.best\/index.php\/cozum-ortaklari\/doosan\/\" class=\"wp-image-339\" srcset=\"https:\/\/bossgroup-tr.com\/wp-content\/uploads\/2021\/10\/doosan-1024x523.jpeg 1024w, https:\/\/bossgroup-tr.com\/wp-content\/uploads\/2021\/10\/doosan-300x153.jpeg 300w, https:\/\/bossgroup-tr.com\/wp-content\/uploads\/2021\/10\/doosan-768x392.jpeg 768w, https:\/\/bossgroup-tr.com\/wp-content\/uploads\/2021\/10\/doosan-1536x785.jpeg 1536w, https:\/\/bossgroup-tr.com\/wp-content\/uploads\/2021\/10\/doosan-2048x1046.jpeg 2048w\" sizes=\"auto, (max-width: 1024px) 100vw, 1024px\" \/><\/figure><\/li><li class=\"blocks-gallery-item\"><figure><img loading=\"lazy\" decoding=\"async\" width=\"512\" height=\"206\" src=\"https:\/\/bossgroup.best\/wp-content\/uploads\/2021\/10\/hyundai-1.jpg\" alt=\"\" data-id=\"342\" data-full-url=\"https:\/\/bossgroup.best\/wp-content\/uploads\/2021\/10\/hyundai-1.jpg\" data-link=\"https:\/\/bossgroup.best\/index.php\/cozum-ortaklari\/hyundai-1\/\" class=\"wp-image-342\" srcset=\"https:\/\/bossgroup-tr.com\/wp-content\/uploads\/2021\/10\/hyundai-1.jpg 512w, https:\/\/bossgroup-tr.com\/wp-content\/uploads\/2021\/10\/hyundai-1-300x121.jpg 300w\" sizes=\"auto, (max-width: 512px) 100vw, 512px\" \/><\/figure><\/li><\/ul><\/figure>\n\n\n\n<div class=\"wp-block-columns is-layout-flex wp-container-core-columns-is-layout-9d6595d7 wp-block-columns-is-layout-flex\">\n<div class=\"wp-block-column is-layout-flow wp-block-column-is-layout-flow\" style=\"flex-basis:100%\"><\/div>\n<\/div>\n\n\n\n<p><\/p>\n","protected":false},"excerpt":{"rendered":"","protected":false},"author":1,"featured_media":0,"parent":0,"menu_order":0,"comment_status":"closed","ping_status":"closed","template":"pages\/page-references.php","meta":{"om_disable_all_campaigns":false,"_monsterinsights_skip_tracking":false,"_monsterinsights_sitenote_active":false,"_monsterinsights_sitenote_note":"","_monsterinsights_sitenote_category":0,"footnotes":""},"class_list":["post-23","page","type-page","status-publish","hentry"],"aioseo_notices":[],"_links":{"self":[{"href":"https:\/\/bossgroup-tr.com\/index.php\/wp-json\/wp\/v2\/pages\/23","targetHints":{"allow":["GET"]}}],"collection":[{"href":"https:\/\/bossgroup-tr.com\/index.php\/wp-json\/wp\/v2\/pages"}],"about":[{"href":"https:\/\/bossgroup-tr.com\/index.php\/wp-json\/wp\/v2\/types\/page"}],"author":[{"embeddable":true,"href":"https:\/\/bossgroup-tr.com\/index.php\/wp-json\/wp\/v2\/users\/1"}],"replies":[{"embeddable":true,"href":"https:\/\/bossgroup-tr.com\/index.php\/wp-json\/wp\/v2\/comments?post=23"}],"version-history":[{"count":15,"href":"https:\/\/bossgroup-tr.com\/index.php\/wp-json\/wp\/v2\/pages\/23\/revisions"}],"predecessor-version":[{"id":806,"href":"https:\/\/bossgroup-tr.com\/index.php\/wp-json\/wp\/v2\/pages\/23\/revisions\/806"}],"wp:attachment":[{"href":"https:\/\/bossgroup-tr.com\/index.php\/wp-json\/wp\/v2\/media?parent=23"}],"curies":[{"name":"wp","href":"https:\/\/api.w.org\/{rel}","templated":true}]}}